Let f be k(-4). Let j be 0 - 1 - (f + -2). Suppose j = 2*s - 4. What is the highest common divisor of 6 and s?
3
Let h be 15/2 + 2/(-4). Suppose -2*w - 70 = -h*w + 4*y, 3*y = -w - 5. Let b = -27809 - -27817. Calculate the greatest common factor of b and w.
2
Suppose -35*f + 59*f - 6888 = 0. What is the highest common factor of 18368 and f?
287
Let r be (3 - 55/(-11))*(332 - (-3 - -2)). What is the highest common factor of r and 120?
24
Suppose -17400 = -35988*b + 35984*b. What is the highest common factor of 750 and b?
150
Let a be 13 + -1 - 3/3. Let p(k) = -6*k**2 + 10*k**2 + a*k + 0*k**3 - k**3. Let q be p(5). What is the highest common factor of 10 and q?
10
Suppose 12 = 4*a - t, 31*t - 30*t = -a + 8. Suppose -2*n + 3*h = -117, 0*n + 3*n - a*h - 174 = 0. What is the greatest common factor of n and 216?
54
Let k be -138 + 316 - (14 + -1). Let g(y) = -y**2 - 7*y + 4. Let j be g(-7). Suppose 0 = -i - j*i + 75. Calculate the highest common factor of k and i.
15
Suppose 5*w + 720 = 5*s, 3*s = 2*w + 335 + 100. What is the highest common factor of 266 and s?
7
Let k(z) be the first derivative of -8 + 13/2*z**2 + 30*z - 1/3*z**3. Let q be k(14). Calculate the greatest common divisor of 112 and q.
16
Let a = -74 - -138. Let r be 1631/(-28)*2*-2 - (-35 - -44). What is the highest common factor of a and r?
32
Let n = 145 + -133. Suppose n*h - 11 = 11*h. Let k = 4 + 7. What is the greatest common divisor of h and k?
11
Let r = 584 + -712. Let g = r - -184. Calculate the highest common factor of 32 and g.
8
Let h be (43/(-7) + 1)/(-12*14/80556). What is the highest common factor of 1096 and h?
274
Let a be (-2)/6*-9 - 503/(-1). Suppose 6*k = 64 + a. Calculate the highest common factor of 38 and k.
19
Suppose -2*q + 198 = q. Let v be 1*10/(-25)*75. Let z = v + 63. What is the highest common factor of q and z?
33
Suppose p = 4*l - 8596 - 4025, 0 = -2*p - 10. What is the highest common factor of 498 and l?
166
Let a = 438 + -148. Let b = 297 - a. Calculate the highest common factor of b and 2.
1
Suppose 3*a - 4*a + 43 = 0. What is the greatest common divisor of a and 4?
1
Let v(y) = 4*y - 45. Let m be v(12). Suppose -4*z + 270 = 3*q, 0 = 2*z + 2*z - m*q - 258. Calculate the greatest common divisor of z and 44.
22
Let o(q) = -5*q - 18. Let h be o(-14). Let i = 75 - h. Suppose i*f - 21*f - 198 = 0. What is the greatest common divisor of 9 and f?
9
Suppose 5*k - z = 3*k + 411, -600 = -3*k - 4*z. Suppose -5*u - 17 = -24*y + 23*y, 4*y - 45 = -3*u. Calculate the greatest common divisor of y and k.
12
Let m(u) = -2*u - 1. Let j be m(-2). Let o be -46*2/(-22) - 4/22. Suppose j*t - 2*t - o*w = 5, -w + 2 = 0. What is the greatest common divisor of 299 and t?
13
Let g(p) = 236*p - 1. Let a be g(1). Let h be 100*(91/14 - 7). Let z = 44 - h. What is the highest common divisor of z and a?
47
Let v be -5 - (-2 + (-4 - -3) - -18). Let z(p) = 5*p + 122. Let m be z(v). Calculate the highest common divisor of m and 2.
2
Let c(g) = -6*g - 60. Let o be c(-9). Let n be 2389/4 - 7/(56/o). What is the highest common divisor of n and 13?
13
Suppose 0 = 4*r + 12, 3*v - 8*r + 3*r = 30. Suppose -15*n - 901 = -5*o - 16*n, -v*o + 904 = 4*n. Calculate the greatest common factor of o and 45.
45
Suppose 3*y - 2360 = f + 3*f, -f + 5*y - 573 = 0. Let q = 693 + f. What is the highest common divisor of 4 and q?
4
Suppose o - 6*o + 155 = 0. Suppose -5*j + o = 4*x - 0*x, -3*x + 9 = -j. What is the greatest common factor of j and 6?
3
Let x(d) = 90*d + 1668. Let a be x(-18). Calculate the highest common divisor of 3144 and a.
24
Let t be 36/(-8)*94/(-423). What is the highest common divisor of t and 7?
1
Suppose 3*a - 2*t = 190, 3*a - t + 47 = 235. What is the highest common divisor of 22 and a?
2
Let c be (657/(-6))/((-252)/336). What is the greatest common divisor of c and 10147?
73
Let i be 2 - 87 - (1 - -3) - -2. Let s = 96 + i. Suppose s*j - 18 = 6*j. What is the greatest common divisor of 2 and j?
2
Let t = 158 - 15. Let x be 104/2*(57/1 - 56). Calculate the highest common factor of x and t.
13
Let f = 118 - 18. Suppose 5*l - 576 = 23*l. Let p = l + f. Calculate the greatest common divisor of p and 17.
17
Suppose -10*a = -6*a - 516. Let b = a - 128. Let i be (285/(-20) - b/(-4))*-1. What is the highest common factor of i and 7?
7
Let n = -38 + 27. Let d = n + 37. Let s = d + -19. What is the highest common divisor of 14 and s?
7
Suppose 2*i + 5 = x, -3*i = 9*x - 6*x - 33. Let c(b) = 2*b**2 + 4*b + 1. Let g be c(-4). What is the highest common divisor of i and g?
1
Let s(r) = -1676*r + 456. Let f be s(-6). What is the greatest common factor of 432 and f?
144
Suppose 25*b - 6315 = 24910. Calculate the greatest common factor of 1 and b.
1
Let m(f) = 2*f**2 + 7*f + 24. Suppose -3*i + 8 = -4*w - 36, -3*w + i = 28. Let n be m(w). Let u = -12 - -44. Calculate the highest common divisor of u and n.
32
Suppose 4*k + 2*z - 9176 + 1640 = 0, 0 = 3*k + 3*z - 5655. Calculate the greatest common factor of 84 and k.
7
Suppose 0 = 5*j - 11*v - 603, 5*j + 41*v - 37*v - 783 = 0. Suppose -436 = -5*m + 2*i + 95, -2*m + 219 = -3*i. What is the greatest common factor of m and j?
21
Let i(t) be the third derivative of 0*t - 1/2*t**3 + 0 + 3*t**2 - 13/24*t**4. Let l be i(-3). Calculate the highest common factor of l and 54.
18
Let d = -133 + 8. Let b = 167 + d. Calculate the highest common factor of 63 and b.
21
Let m be -9*((-34)/6 + 2). Suppose 28*x - m*x + 5 = 0. Let v be x/3*3 - 25*-15. What is the greatest common divisor of v and 47?
47
Suppose 327*t = 5*y + 322*t - 4920, -2946 = -3*y + 4*t. What is the highest common factor of 360 and y?
90
Let k be 1 + -1 - (1 + -4). Suppose -k*o + 14 = -58. Let d = 13 + 83. What is the greatest common factor of d and o?
24
Let b be 33 + -28 + (25/20 - 1)*4. Calculate the greatest common factor of 1875 and b.
3
Let w(k) = 145*k - k**2 - 108 - 113*k + 0*k**2. Let m be w(20). What is the greatest common divisor of m and 165?
33
Let f = 38 - 28. Let p = 28 + f. Let s = p + -19. What is the highest common divisor of 19 and s?
19
Suppose 4*g = -2*z + 1346, 22*z + 990 = 3*g + 17*z. Calculate the greatest common factor of 10 and g.
5
Let o = 443 - 443. Suppose 0 = 5*s + u - 162, o = -s + 3*s + u - 63. Calculate the highest common divisor of s and 12.
3
Let g = 64 - 64. Let y(h) = 12*h + 42. Let n be y(g). Calculate the greatest common divisor of 672 and n.
42
Let y(v) = -5*v - 15. Let o be y(-4). Let i(t) = 1. Let j(p) = -p. Let a(z) = o*j(z) + i(z). Let m be a(-3). Calculate the greatest common factor of 16 and m.
16
Suppose -17*l + 22*l = 70. Suppose 0 = l*u - 1538 - 1080. Calculate the greatest common factor of u and 17.
17
Let w(q) = -221*q + 3. Suppose -r + 3*d + 21 = 72, 3*d + 189 = -4*r. Let i = r + 47. Let k be w(i). Calculate the highest common factor of 28 and k.
28
Let c(m) = 4*m - 60. Let h(s) = -s + 15. Let j(b) = 2*c(b) + 9*h(b). Let z be j(-14). Calculate the highest common divisor of z and 29.
29
Suppose -2*s + p = -41, 6*p = s + 7*p - 19. Let k(o) = o**2 + 3*o - 6. Let i be k(-5). Let l be i*1*(10 - -5). What is the highest common divisor of l and s?
20
Let t(m) = -m**3 - 8*m**2 - 3*m + 4. Let j be t(-6). Let o = 70 + j. What is the highest common factor of o and 15?
5
Let v be (99 + (-117)/13)*2. Calculate the highest common factor of v and 2610.
90
Suppose 24*b + 0*b - 114187 = 76949. What is the highest common factor of 905 and b?
181
Let w(q) be the second derivative of -q**5/20 - q**4/6 + q**3/6 + 5*q**2 + q + 2. Let f be w(-3). What is the greatest common factor of 112 and f?
16
Let u be 124/10 - (-256)/160. Suppose u*k = 13*k + 297. Calculate the greatest common divisor of k and 11.
11
Let t(x) = 5*x**3 + 93*x**2 - 51*x - 124. Let s be t(-19). What is the greatest common factor of 9 and s?
3
Let m = -218 - -218. Suppose w - 59 + 14 = m. Calculate the greatest common divisor of w and 75.
15
Let r = -13679 - -13998. Calculate the greatest common factor of 261 and r.
29
Let v = -330 + 170. Let q = -147 - v. Calculate the greatest common factor of 2 and q.
1
Suppose 2*w - 4940 = -15*w + 15868. What is the greatest common factor of w and 288?
72
Let p be (395/(-237))/(1/(-3)). What is the greatest common divisor of 155 and p?
5
Suppose -249*v = -244*v. Supp